{"id":1945,"date":"2017-04-05T21:15:02","date_gmt":"2017-04-05T21:15:02","guid":{"rendered":"https:\/\/koorootmusica.wordpress.com\/?page_id=1945"},"modified":"2017-04-05T21:15:02","modified_gmt":"2017-04-05T21:15:02","slug":"jaarvergadering-en-jubilarissen","status":"publish","type":"page","link":"https:\/\/ootmusica.nl\/?page_id=1945","title":{"rendered":"Jaarvergadering en jubilarissen"},"content":{"rendered":"<p>Dinsdag 4 april was er weer de jaarvergadering van ons koor.<\/p>\n<p>Er waren 5 mensen om in het zonnetje te zetten. 5 trouwe koorleden waarvan er \u00e9\u00e9n de kroon spande. 65 jaar jaar lid, een unicum tot nu toe.<br \/>\n<strong>Andr\u00e9 Smoes<\/strong> is dit jaar dus <strong>65 jaar koorlid van Ootmusica!<\/strong><\/p>\n<p>verder 4 leden die allen <strong>35 jaar lid<\/strong> zijn van het koor, dit zijn:<br \/>\nHenny Molendijk<br \/>\nIne Schomaker<br \/>\nTrijntje Altena<br \/>\nKarin Baanstra<\/p>\n<p><img loading=\"lazy\" decoding=\"async\" class=\"alignnone size-medium wp-image-1946\" src=\"https:\/\/ootmusica.nl\/wp-content\/uploads\/2017\/04\/a-bestuur-en-leden-1-1.jpg?w=300\" alt=\"\" width=\"300\" height=\"225\" srcset=\"https:\/\/ootmusica.nl\/wp-content\/uploads\/2017\/04\/a-bestuur-en-leden-1-1.jpg 800w, https:\/\/ootmusica.nl\/wp-content\/uploads\/2017\/04\/a-bestuur-en-leden-1-1-300x225.jpg 300w, https:\/\/ootmusica.nl\/wp-content\/uploads\/2017\/04\/a-bestuur-en-leden-1-1-768x576.jpg 768w\" sizes=\"auto, (max-width: 300px) 100vw, 300px\" \/>\u00a0 \u00a0 \u00a0 het bestuur klaar voor de vergadering<\/p>\n<p><img loading=\"lazy\" decoding=\"async\" class=\"alignnone size-medium wp-image-1947\" src=\"https:\/\/ootmusica.nl\/wp-content\/uploads\/2017\/04\/a-bestuur-en-leden-2-1.jpg?w=300\" alt=\"\" width=\"300\" height=\"225\" srcset=\"https:\/\/ootmusica.nl\/wp-content\/uploads\/2017\/04\/a-bestuur-en-leden-2-1.jpg 800w, https:\/\/ootmusica.nl\/wp-content\/uploads\/2017\/04\/a-bestuur-en-leden-2-1-300x225.jpg 300w, https:\/\/ootmusica.nl\/wp-content\/uploads\/2017\/04\/a-bestuur-en-leden-2-1-768x576.jpg 768w\" sizes=\"auto, (max-width: 300px) 100vw, 300px\" \/>\u00a0 \u00a0\u00a0\u00a0<img loading=\"lazy\" decoding=\"async\" class=\"alignnone size-medium wp-image-1948\" src=\"https:\/\/ootmusica.nl\/wp-content\/uploads\/2017\/04\/a-bestuur-en-leden-3-1.jpg?w=300\" alt=\"\" width=\"300\" height=\"225\" srcset=\"https:\/\/ootmusica.nl\/wp-content\/uploads\/2017\/04\/a-bestuur-en-leden-3-1.jpg 800w, https:\/\/ootmusica.nl\/wp-content\/uploads\/2017\/04\/a-bestuur-en-leden-3-1-300x225.jpg 300w, https:\/\/ootmusica.nl\/wp-content\/uploads\/2017\/04\/a-bestuur-en-leden-3-1-768x576.jpg 768w\" sizes=\"auto, (max-width: 300px) 100vw, 300px\" \/>\u00a0\u00a0<img loading=\"lazy\" decoding=\"async\" class=\"alignnone size-medium wp-image-1949\" src=\"https:\/\/ootmusica.nl\/wp-content\/uploads\/2017\/04\/a-bestuur-en-leden-4-1.jpg?w=300\" alt=\"\" width=\"300\" height=\"225\" srcset=\"https:\/\/ootmusica.nl\/wp-content\/uploads\/2017\/04\/a-bestuur-en-leden-4-1.jpg 800w, https:\/\/ootmusica.nl\/wp-content\/uploads\/2017\/04\/a-bestuur-en-leden-4-1-300x225.jpg 300w, https:\/\/ootmusica.nl\/wp-content\/uploads\/2017\/04\/a-bestuur-en-leden-4-1-768x576.jpg 768w\" sizes=\"auto, (max-width: 300px) 100vw, 300px\" \/>\u00a0 \u00a0 \u00a0<img loading=\"lazy\" decoding=\"async\" class=\"alignnone size-medium wp-image-1950\" src=\"https:\/\/ootmusica.nl\/wp-content\/uploads\/2017\/04\/a-bestuur-en-leden-5-1.jpg?w=300\" alt=\"\" width=\"300\" height=\"225\" srcset=\"https:\/\/ootmusica.nl\/wp-content\/uploads\/2017\/04\/a-bestuur-en-leden-5-1.jpg 800w, https:\/\/ootmusica.nl\/wp-content\/uploads\/2017\/04\/a-bestuur-en-leden-5-1-300x225.jpg 300w, https:\/\/ootmusica.nl\/wp-content\/uploads\/2017\/04\/a-bestuur-en-leden-5-1-768x576.jpg 768w\" sizes=\"auto, (max-width: 300px) 100vw, 300px\" \/><\/p>\n<p><img loading=\"lazy\" decoding=\"async\" class=\"alignnone size-medium wp-image-1951\" src=\"https:\/\/ootmusica.nl\/wp-content\/uploads\/2017\/04\/a-bestuur-en-leden-6-1.jpg?w=300\" alt=\"\" width=\"300\" height=\"225\" srcset=\"https:\/\/ootmusica.nl\/wp-content\/uploads\/2017\/04\/a-bestuur-en-leden-6-1.jpg 800w, https:\/\/ootmusica.nl\/wp-content\/uploads\/2017\/04\/a-bestuur-en-leden-6-1-300x225.jpg 300w, https:\/\/ootmusica.nl\/wp-content\/uploads\/2017\/04\/a-bestuur-en-leden-6-1-768x576.jpg 768w\" sizes=\"auto, (max-width: 300px) 100vw, 300px\" \/><\/p>\n<p>en dan is het zover<\/p>\n<p><img loading=\"lazy\" decoding=\"async\" class=\"alignnone size-medium wp-image-1952\" src=\"https:\/\/ootmusica.nl\/wp-content\/uploads\/2017\/04\/b1-1.jpg?w=300\" alt=\"\" width=\"300\" height=\"225\" srcset=\"https:\/\/ootmusica.nl\/wp-content\/uploads\/2017\/04\/b1-1.jpg 800w, https:\/\/ootmusica.nl\/wp-content\/uploads\/2017\/04\/b1-1-300x225.jpg 300w, https:\/\/ootmusica.nl\/wp-content\/uploads\/2017\/04\/b1-1-768x576.jpg 768w\" sizes=\"auto, (max-width: 300px) 100vw, 300px\" \/>\u00a0 \u00a0 \u00a0<img loading=\"lazy\" decoding=\"async\" class=\"alignnone size-medium wp-image-1953\" src=\"https:\/\/ootmusica.nl\/wp-content\/uploads\/2017\/04\/b1a-1.jpg?w=300\" alt=\"\" width=\"300\" height=\"225\" srcset=\"https:\/\/ootmusica.nl\/wp-content\/uploads\/2017\/04\/b1a-1.jpg 800w, https:\/\/ootmusica.nl\/wp-content\/uploads\/2017\/04\/b1a-1-300x225.jpg 300w, https:\/\/ootmusica.nl\/wp-content\/uploads\/2017\/04\/b1a-1-768x576.jpg 768w\" sizes=\"auto, (max-width: 300px) 100vw, 300px\" \/><\/p>\n<p><img loading=\"lazy\" decoding=\"async\" class=\"alignnone size-medium wp-image-1954\" src=\"https:\/\/ootmusica.nl\/wp-content\/uploads\/2017\/04\/b2-1.jpg?w=300\" alt=\"\" width=\"300\" height=\"225\" srcset=\"https:\/\/ootmusica.nl\/wp-content\/uploads\/2017\/04\/b2-1.jpg 800w, https:\/\/ootmusica.nl\/wp-content\/uploads\/2017\/04\/b2-1-300x225.jpg 300w, https:\/\/ootmusica.nl\/wp-content\/uploads\/2017\/04\/b2-1-768x576.jpg 768w\" sizes=\"auto, (max-width: 300px) 100vw, 300px\" \/>\u00a0 \u00a0 \u00a0<img loading=\"lazy\" decoding=\"async\" class=\"alignnone size-medium wp-image-1955\" src=\"https:\/\/ootmusica.nl\/wp-content\/uploads\/2017\/04\/b2a-1.jpg?w=300\" alt=\"\" width=\"300\" height=\"225\" srcset=\"https:\/\/ootmusica.nl\/wp-content\/uploads\/2017\/04\/b2a-1.jpg 800w, https:\/\/ootmusica.nl\/wp-content\/uploads\/2017\/04\/b2a-1-300x225.jpg 300w, https:\/\/ootmusica.nl\/wp-content\/uploads\/2017\/04\/b2a-1-768x576.jpg 768w\" sizes=\"auto, (max-width: 300px) 100vw, 300px\" \/><\/p>\n<p><img loading=\"lazy\" decoding=\"async\" class=\"alignnone size-medium wp-image-1956\" src=\"https:\/\/ootmusica.nl\/wp-content\/uploads\/2017\/04\/b3-1.jpg?w=300\" alt=\"\" width=\"300\" height=\"225\" srcset=\"https:\/\/ootmusica.nl\/wp-content\/uploads\/2017\/04\/b3-1.jpg 800w, https:\/\/ootmusica.nl\/wp-content\/uploads\/2017\/04\/b3-1-300x225.jpg 300w, https:\/\/ootmusica.nl\/wp-content\/uploads\/2017\/04\/b3-1-768x576.jpg 768w\" sizes=\"auto, (max-width: 300px) 100vw, 300px\" \/>\u00a0 \u00a0 \u00a0<img loading=\"lazy\" decoding=\"async\" class=\"alignnone size-medium wp-image-1957\" src=\"https:\/\/ootmusica.nl\/wp-content\/uploads\/2017\/04\/b3a-1.jpg?w=300\" alt=\"\" width=\"300\" height=\"225\" srcset=\"https:\/\/ootmusica.nl\/wp-content\/uploads\/2017\/04\/b3a-1.jpg 800w, https:\/\/ootmusica.nl\/wp-content\/uploads\/2017\/04\/b3a-1-300x225.jpg 300w, https:\/\/ootmusica.nl\/wp-content\/uploads\/2017\/04\/b3a-1-768x576.jpg 768w\" sizes=\"auto, (max-width: 300px) 100vw, 300px\" \/><\/p>\n<p><img loading=\"lazy\" decoding=\"async\" class=\"alignnone size-medium wp-image-1958\" src=\"https:\/\/ootmusica.nl\/wp-content\/uploads\/2017\/04\/b4-1.jpg?w=300\" alt=\"\" width=\"300\" height=\"225\" srcset=\"https:\/\/ootmusica.nl\/wp-content\/uploads\/2017\/04\/b4-1.jpg 800w, https:\/\/ootmusica.nl\/wp-content\/uploads\/2017\/04\/b4-1-300x225.jpg 300w, https:\/\/ootmusica.nl\/wp-content\/uploads\/2017\/04\/b4-1-768x576.jpg 768w\" sizes=\"auto, (max-width: 300px) 100vw, 300px\" \/>\u00a0 \u00a0 \u00a0<img loading=\"lazy\" decoding=\"async\" class=\"alignnone size-medium wp-image-1959\" src=\"https:\/\/ootmusica.nl\/wp-content\/uploads\/2017\/04\/b4a-1.jpg?w=300\" alt=\"\" width=\"300\" height=\"225\" srcset=\"https:\/\/ootmusica.nl\/wp-content\/uploads\/2017\/04\/b4a-1.jpg 800w, https:\/\/ootmusica.nl\/wp-content\/uploads\/2017\/04\/b4a-1-300x225.jpg 300w, https:\/\/ootmusica.nl\/wp-content\/uploads\/2017\/04\/b4a-1-768x576.jpg 768w\" sizes=\"auto, (max-width: 300px) 100vw, 300px\" \/><\/p>\n<p><img loading=\"lazy\" decoding=\"async\" class=\"alignnone size-medium wp-image-1960\" src=\"https:\/\/ootmusica.nl\/wp-content\/uploads\/2017\/04\/b5-1.jpg?w=300\" alt=\"\" width=\"300\" height=\"225\" srcset=\"https:\/\/ootmusica.nl\/wp-content\/uploads\/2017\/04\/b5-1.jpg 800w, https:\/\/ootmusica.nl\/wp-content\/uploads\/2017\/04\/b5-1-300x225.jpg 300w, https:\/\/ootmusica.nl\/wp-content\/uploads\/2017\/04\/b5-1-768x576.jpg 768w\" sizes=\"auto, (max-width: 300px) 100vw, 300px\" \/>\u00a0 het uitdelen van de bloemen ging sneller dan mijn camera de foto&#8217;s kon maken. \u00a0Excuses dus voor de beweging in de foto&#8217;s.<\/p>\n<p><img loading=\"lazy\" decoding=\"async\" class=\"alignnone size-large wp-image-1961\" src=\"https:\/\/ootmusica.nl\/wp-content\/uploads\/2017\/04\/c-de-jubelarissen-1.jpg?w=640\" alt=\"\" width=\"640\" height=\"480\" srcset=\"https:\/\/ootmusica.nl\/wp-content\/uploads\/2017\/04\/c-de-jubelarissen-1.jpg 800w, https:\/\/ootmusica.nl\/wp-content\/uploads\/2017\/04\/c-de-jubelarissen-1-300x225.jpg 300w, https:\/\/ootmusica.nl\/wp-content\/uploads\/2017\/04\/c-de-jubelarissen-1-768x576.jpg 768w\" sizes=\"auto, (max-width: 640px) 100vw, 640px\" \/><\/p>\n<p>Henny, Karin, Andr\u00e9, Trijntje en Ine van harte gefeliciteerd !<\/p>\n","protected":false},"excerpt":{"rendered":"<p>Dinsdag 4 april was er weer de jaarvergadering van ons koor. Er waren 5 mensen om in het zonnetje te zetten. 5 trouwe koorleden waarvan er \u00e9\u00e9n de kroon spande. 65 jaar jaar lid, een unicum tot nu toe. Andr\u00e9 Smoes is dit jaar dus 65 jaar koorlid van Ootmusica! verder 4 leden die allen [&hellip;]<\/p>\n","protected":false},"author":2,"featured_media":0,"parent":1898,"menu_order":2,"comment_status":"closed","ping_status":"closed","template":"onecolumn-page.php","meta":{"footnotes":""},"class_list":["post-1945","page","type-page","status-publish","hentry"],"_links":{"self":[{"href":"https:\/\/ootmusica.nl\/index.php?rest_route=\/wp\/v2\/pages\/1945","targetHints":{"allow":["GET"]}}],"collection":[{"href":"https:\/\/ootmusica.nl\/index.php?rest_route=\/wp\/v2\/pages"}],"about":[{"href":"https:\/\/ootmusica.nl\/index.php?rest_route=\/wp\/v2\/types\/page"}],"author":[{"embeddable":true,"href":"https:\/\/ootmusica.nl\/index.php?rest_route=\/wp\/v2\/users\/2"}],"replies":[{"embeddable":true,"href":"https:\/\/ootmusica.nl\/index.php?rest_route=%2Fwp%2Fv2%2Fcomments&post=1945"}],"version-history":[{"count":0,"href":"https:\/\/ootmusica.nl\/index.php?rest_route=\/wp\/v2\/pages\/1945\/revisions"}],"up":[{"embeddable":true,"href":"https:\/\/ootmusica.nl\/index.php?rest_route=\/wp\/v2\/pages\/1898"}],"wp:attachment":[{"href":"https:\/\/ootmusica.nl\/index.php?rest_route=%2Fwp%2Fv2%2Fmedia&parent=1945"}],"curies":[{"name":"wp","href":"https:\/\/api.w.org\/{rel}","templated":true}]}}